{"id":138,"date":"2014-07-26T13:27:07","date_gmt":"2014-07-26T13:27:07","guid":{"rendered":"https:\/\/multiseguros.es\/?page_id=138"},"modified":"2014-07-27T19:52:42","modified_gmt":"2014-07-27T19:52:42","slug":"servicios","status":"publish","type":"page","link":"https:\/\/multiseguros.es\/?page_id=138","title":{"rendered":"Servicios"},"content":{"rendered":"<div style = \"border-top: 4px solid #A0FE0B; padding-top: 40px; margin-top: 40px;\"><\/div>\n<div class=\"one_half\">\n<p style=\"text-align:center; font-size: 22px; color:#373e40;\">Estudio de riesgos individualizado <span style = \"color: #65E302; vertical-align:super; font-size: 20px;\">1<\/span><\/p>\n<\/div>\n<div class=\"one_half_last\">\n<p style=\"text-align:center; font-size: 22px; color:#373e40;\">Cercan\u00eda y profesionalidad <span style = \"color: #65E302; vertical-align:super;\">2<\/span><\/p>\n<\/div>\n<div class = \"clearboth\"><\/div>\n<div style= \"text-align: center; line-height: 30px; font-weight: 400; margin-top: 50px; margin-bottom: 20px; font-size: 24px; color: #4DC702;\">Si no encuentra el seguro que necesita p\u00f3ngase en contacto con nosotros.<\/div>\n<p style = \"text-align: justify; font-weight: 400; font-size: 14px; line-height: 18px;\"><span style = \"color: #65E302; font-weight: 400; font-size: 20px;\">1 <\/span>El Estudio de Riesgos persigue la identificaci\u00f3n de los riesgos a los que est\u00e1 sometida cada persona \u00f3 empresa, evaluar cu\u00e1les de esos riesgos actualmente se asumen por la persona \u00f3 empresa, cu\u00e1les se auto aseguran y cu\u00e1les se aseguran a trav\u00e9s de una entidad aseguradora . Valorando los distintos tipos de seguros que puedan ser necesarios.<br \/>\n El objetivo es el asesoramiento para evitar  el no aseguramiento de riesgos por desconocimiento de los mismos. Garantizando una respuesta financiera ante cualquier imprevisto.<\/p>\n<p style = \"text-align: justify; font-weight: 400; font-size: 14px; line-height: 18px;\"><span style = \"color: #65E302; font-weight: 400; font-size: 20px;\">2 <\/span>Multiseguros Villaca\u00f1as, ofrece un trato personalizado, su caso se estudiar\u00e1 en profundidad para poder ofrecerle el mejor asesoramiento en cuesti\u00f3n de Seguros, adaptandonos a sus necesidades particulares que difieren del resto de personas. Nunca ser\u00e1 para nosotros un \u201ccliente m\u00e1s\u201d, ser\u00e1 una persona con nombre y apellidos.<\/p>\n","protected":false},"excerpt":{"rendered":"<p>Estudio de riesgos individualizado 1 Cercan\u00eda y profesionalidad 2 Si no encuentra el seguro que necesita p\u00f3ngase en contacto con nosotros. 1 El Estudio de Riesgos persigue la identificaci\u00f3n de los riesgos a los que est\u00e1 sometida cada persona \u00f3 empresa, evaluar cu\u00e1les de esos riesgos actualmente se asumen por la persona \u00f3 empresa, cu\u00e1les &hellip;<\/p>\n<p class=\"read-more\"> <a class=\"\" href=\"https:\/\/multiseguros.es\/?page_id=138\"> <span class=\"screen-reader-text\">Servicios<\/span> Leer m\u00e1s &raquo;<\/a><\/p>\n","protected":false},"author":2,"featured_media":0,"parent":0,"menu_order":0,"comment_status":"open","ping_status":"open","template":"","meta":{"site-sidebar-layout":"default","site-content-layout":"default","ast-main-header-display":"","ast-hfb-above-header-display":"","ast-hfb-below-header-display":"","ast-hfb-mobile-header-display":"","site-post-title":"","ast-breadcrumbs-content":"","ast-featured-img":"","footer-sml-layout":"","theme-transparent-header-meta":"","adv-header-id-meta":"","stick-header-meta":"","header-above-stick-meta":"","header-main-stick-meta":"","header-below-stick-meta":""},"_links":{"self":[{"href":"https:\/\/multiseguros.es\/index.php?rest_route=\/wp\/v2\/pages\/138"}],"collection":[{"href":"https:\/\/multiseguros.es\/index.php?rest_route=\/wp\/v2\/pages"}],"about":[{"href":"https:\/\/multiseguros.es\/index.php?rest_route=\/wp\/v2\/types\/page"}],"author":[{"embeddable":true,"href":"https:\/\/multiseguros.es\/index.php?rest_route=\/wp\/v2\/users\/2"}],"replies":[{"embeddable":true,"href":"https:\/\/multiseguros.es\/index.php?rest_route=%2Fwp%2Fv2%2Fcomments&post=138"}],"version-history":[{"count":12,"href":"https:\/\/multiseguros.es\/index.php?rest_route=\/wp\/v2\/pages\/138\/revisions"}],"predecessor-version":[{"id":185,"href":"https:\/\/multiseguros.es\/index.php?rest_route=\/wp\/v2\/pages\/138\/revisions\/185"}],"wp:attachment":[{"href":"https:\/\/multiseguros.es\/index.php?rest_route=%2Fwp%2Fv2%2Fmedia&parent=138"}],"curies":[{"name":"wp","href":"https:\/\/api.w.org\/{rel}","templated":true}]}}